d - 5 + 1 = 0. Let m be 2/d - 284/(-8). What is the highest common factor of m and 9?
9
Let z(y) = y**2 - y - 6. Let g be z(5). Suppose 2*h = a - 3*a - 4, 0 = 3*h + 15. Suppose 0 = 2*s - a*s + 154. What is the greatest common divisor of g and s?
14
Let k(x) = -x**3 - 7*x**2 - 6*x + 4. Suppose -w - 1 = 0, -h = -4*h + w - 17. Let a be k(h). Let l = 15 - a. Calculate the greatest common divisor of 1 and l.
1
Suppose 4*o + 10 + 7 = 3*c, -3*o - c - 16 = 0. Let i = o + 13. What is the greatest common divisor of 32 and i?
8
Let u be (-2)/(-8) + (-55)/(-4). Let h(c) = 5*c + 24. Let f be h(-2). Calculate the greatest common factor of f and u.
14
Let k = 5 - 1. Suppose 27 = v - 1. Suppose 4*r - v = k*x, 5 = 5*r + x + 4*x. What is the highest common factor of 6 and r?
2
Let d be 1*0/(3 + -2). Let n = d + 4. Let p(l) = l**3 - 2*l**2 - 7*l + 6. Let z be p(n). Calculate the greatest common factor of 10 and z.
10
Let i = 11 + 4. What is the greatest common divisor of 165 and i?
15
Let w(v) = -v**2 + 30*v + 40. Let t be w(29). What is the highest common factor of t and 3?
3
Suppose 2 - 6 = -2*m. Suppose -4*d + 30 = m*q, -1 = -q - 6. Suppose 0*a - 4*a + 100 = 0. Calculate the greatest common factor of d and a.
5
Let c be 1/5 - 22/10. Let d(q) = -q. Let r be d(c). What is the greatest common divisor of r and 8?
2
Suppose k = 10 - 1. Let t = 8 - 5. Suppose 2*i = -2*q + 158, 5*q - 71 = 2*i - t*i. Calculate the greatest common divisor of i and k.
9
Let f(m) = m**2 + 13*m - 59. Let y be f(-17). Suppose -b = -3*b + 6. What is the greatest common factor of y and b?
3
Suppose -57 = -t + 3*r, 3*t - 2*r + 172 = 7*t. Suppose 9 = 3*a + 3. Let b be (-5)/(a + (-6)/2). What is the highest common factor of b and t?
5
Let k be 11/(-2) + (-1)/(-2). Let o(f) = -f**2 - 7*f - 1. Let a be o(k). What is the greatest common divisor of 9 and a?
9
Let v be ((-109)/218)/((-570)/(-572) + -1). Calculate the greatest common factor of v and 11.
11
Suppose 4*p = 6*p - 288. What is the greatest common factor of 36 and p?
36
Suppose 0 = 14*q - 19*q + 270. What is the greatest common divisor of q and 54?
54
Let j = -33 + 88. Let o be (10 - 9)/(2/22). What is the greatest common divisor of j and o?
11
Let d be -2 + 4 - (-74 - -7). Calculate the highest common divisor of d and 23.
23
Suppose 2*p + p - 99 = 0. Suppose -42 = -5*u + g, -p = -3*u - u + g. Let q be (1*u)/(3/3). Calculate the greatest common divisor of 3 and q.
3
Suppose -5 = 4*c + 5*m, 0 = -m - m - 2. Suppose -d + 2 = -c*d. Let y = 14 + -4. What is the greatest common factor of y and d?
2
Let f be 2 - (2 - 14)/4. Suppose i + f = 2*i. Calculate the highest common divisor of 30 and i.
5
Let r be (-3)/((-9)/(-12))*-2. What is the greatest common factor of r and 4?
4
Suppose 5*k - 15 = -0*p - 4*p, 2*p + 5*k - 15 = 0. Suppose p*a - 167 = -a + h, 0 = -a - 3*h + 159. What is the greatest common factor of a and 15?
15
Suppose -3*u - 23 = 5*h, -5*u = -4*h + 26 - 0. Let m be (16/6)/((-2)/u). What is the greatest common factor of m and 12?
4
Suppose -3*o = 5*n - 0*o - 4, 3*n = -5*o - 4. Suppose -3*x + 6 = -5*x. Let h = x + 4. What is the highest common factor of n and h?
1
Let g(q) = 8*q**2 - 1. Let l be g(-1). Let h = 11 - -66. What is the highest common factor of h and l?
7
Let q be -1 + (4 - (1 - -1)). Let w be 10*(5/2 - q). Suppose 0 = -4*v - h + 302, -3*v - v = 5*h - 310. Calculate the greatest common factor of w and v.
15
Suppose 4*t - 5*x = 56, 0*x + 41 = 5*t + x. Calculate the greatest common divisor of t and 12.
3
Suppose -o + 7 = 1. Let w = o + 5. Suppose z - w = 2. Calculate the highest common factor of 104 and z.
13
Let k be 8 + (-3)/1 - (-3 - -1). Calculate the highest common factor of k and 49.
7
Let b(t) = t**3 + 9*t**2 + 6*t + 8. Let j be b(-8). Let m = 15 + -10. Let d be (2/m)/(3/450). Calculate the highest common divisor of d and j.
12
Suppose -23*z + 20*z + 30 = 0. Calculate the highest common factor of z and 2.
2
Suppose -3*o - 11*o = -420. Let n = 15 - 9. Calculate the greatest common factor of n and o.
6
Suppose -3*r + 27 = 4*v, -3*r + 27 = -2*v + 4*v. Suppose 5*l = b + r, -2*b - 4*l = -5*b + 6. Calculate the greatest common factor of 6 and b.
6
Let u(z) = 2*z - 20. Let k be u(12). Calculate the highest common divisor of 20 and k.
4
Suppose -3*y = -40 + 13. Let d be 54/4*12/y. What is the greatest common divisor of 27 and d?
9
Suppose 0 = -8*k + 5*k + 66. Let x = k - -2. Let v be (-8)/52 + (-1564)/(-26). What is the greatest common divisor of x and v?
12
Let i = 43 - -21. Let z be (209 - -3)/(-4)*-1. Suppose -3*j - 5 = -z. Calculate the highest common divisor of i and j.
16
Suppose -3*t - 33 = -3*o - 81, 0 = 5*t + o - 56. What is the highest common factor of t and 54?
6
Suppose -5*u - 5*t - 2 + 42 = 0, 2 = -t. Let m = -638 + 648. What is the highest common factor of u and m?
10
Let v(r) = r**2 + 4*r + 3. Let a be v(5). Let k be (-2)/(-2 + (-12)/(-7)). Let t be 40/k - (-4)/14. Calculate the highest common factor of t and a.
6
Let u(t) = -3*t**3 + t**2 - t - 1. Let a be u(-1). Let b be (-22)/(-18) + a/(-18). Suppose -v + b + 4 = 0. Calculate the highest common divisor of 20 and v.
5
Let r(h) = h**3 + 10*h**2 - h - 4. Let o be r(-10). Suppose g = o*g - 65. Calculate the greatest common divisor of g and 65.
13
Let m = -3 + 5. Let y be (-1 - 1)/m + 1. Let z be y + (11 - -1 - -2). Calculate the highest common divisor of z and 2.
2
Suppose -2*b - 58 = -n, -204 + 38 = -3*n + 2*b. What is the greatest common divisor of n and 12?
6
Let o(k) = -k - 2. Let v be o(-2). Suppose v = -5*u - 32 + 212. Let n be ((-9)/2)/((-6)/16). What is the greatest common factor of u and n?
12
Suppose -a - o = -8, 4*a - o = 19 + 8. What is the highest common divisor of 63 and a?
7
Let r = 37 + -19. Let o = r - 29. Let i(c) = -c - 2. Let w be i(o). What is the highest common divisor of 45 and w?
9
Let k be (40/(-25))/(4/(-10)). Calculate the greatest common factor of k and 16.
4
Let y = 91 - 76. What is the highest common divisor of y and 195?
15
Let j be (-92)/(-3) - 8/12. Suppose -7*u - 5 = -75. What is the greatest common divisor of u and j?
10
Suppose 17 - 23 = -2*g. Calculate the greatest common factor of g and 6.
3
Let a be 8 - (3 + (-20)/4). Calculate the greatest common divisor of a and 4.
2
Let h(g) = g**3 + 8*g**2 - 3*g - 16. Let q be h(-7). Let d be 54/(-4*(-2)/20). What is the greatest common divisor of d and q?
27
Let p = 7 - 7. Suppose p = t - c - 13, 4*c = 2*t - 13 - 21. What is the highest common factor of 99 and t?
9
Suppose 0 = u - 7 - 4. Calculate the highest common factor of 22 and u.
11
Suppose -u + 4*u = -24. Let k = u + 13. Suppose -k*i + 40 = 10. What is the greatest common factor of 2 and i?
2
Let q be 3 - (1 + (-2)/2). Let b(n) = -n**2 + 24*n - 92. Let l be b(5). Calculate the highest common divisor of l and q.
3
Suppose 52 = 5*a + 4*t, 4*a + 3*t - 50 + 9 = 0. What is the highest common factor of a and 88?
8
Let u = 1 + 31. Calculate the highest common factor of u and 4.
4
Suppose -5*p + 59 = -1. Calculate the highest common divisor of 16 and p.
4
Let v(k) = -k**3 + 3*k**2 + k - 4. Let s be v(-2). What is the greatest common factor of s and 21?
7
Let v(b) = 4*b - 12. Let q be v(6). What is the highest common divisor of q and 30?
6
Suppose 0 = -3*z + 15, 4*f - 4*z - 3 - 25 = 0. Calculate the highest common factor of f and 30.
6
Suppose -y + 3*r = y - 10, -2*y + 10 = 4*r. Let l be (23 - y)*(-34)/(-4). Calculate the highest common factor of 17 and l.
17
Suppose -2*o - 5*f + 36 = 0, -f + 18 + 18 = 4*o. Let k = -108 + 164. What is the greatest common factor of k and o?
8
Suppose 2*o - 30 = -2*g, -5*g + 12*o - 10*o + 40 = 0. Calculate the highest common divisor of g and 50.
10
Suppose 152*x = 154*x - 14. Let b(o) = o**3 - 3*o**2 + 5*o - 5. Let s be b(5). Calculate the greatest common divisor of s and x.
7
Let d be 260/4 - (0 + 1). Suppose -m - 3*m + d = -3*o, 4*m - 32 = -5*o. Let l be 1/(m/(-7) - -2). Calculate the highest common factor of l and 35.
7
Let d = 17 + -2. Let n(k) be the second derivative of k**4/12 + 11*k**3/6 + 3*k**2 - 12*k. Let p be n(-11). What is the greatest common factor of p and d?
3
Suppose 0 = -0*v - 2*v. Let d be (v - -6)*(2 - -2). Let f(y) = 10*y**2 - 3*y + 2. Let w be f(2). Calculate the highest common fa